7*a**2 - 83*a - 30. Let p be f(-13). Let s be (3 - (-5)/(-5))*p/(-10). Determine j(s).
8
Let p(o) be the second derivative of o**4/24 + 3*o**3/2 - 231*o**2/2 - 216*o. Let a(u) be the first derivative of p(u). Calculate a(-8).
1
Let c(b) = -2*b**3 + 11*b**2 - 6*b + 1. Let p be c(5). Let g(n) = -37*n + 17 + 5 + 42*n - 3 - 4. What is g(p)?
-5
Let i(c) = 190*c - 3. Let p(j) = -238*j + 3. Let d(g) = 5*i(g) + 4*p(g). What is d(-1)?
-1
Let h(a) = -5*a**2 - 3*a + 8 + 4*a + 3*a**3 - 4*a**3 + 5*a. Let p = 61 - 59. Suppose p*k = 6*k + 24. What is h(k)?
8
Let z(a) = 265*a + 13 + 3 - 6 - 538*a + 269*a. Give z(3).
-2
Let p(c) = -1 - 167*c**2 + 20*c + 5*c**3 - 39*c + 2 + 21*c + 175*c**2. Calculate p(-3).
-68
Let t be 12 - -56*(-10)/80. Let a(j) = 14*j + 6. Calculate a(t).
76
Suppose q + 18 - 7 = 5*r, 4*q = 16. Let b(c) = -c - 9. Let y be b(r). Let l be (-2)/(-8) - (-75)/y. Let z(p) = -p**3 - 5*p**2 + 6*p + 9. What is z(l)?
9
Let s(y) = y**3 + 14*y**2 - 19*y - 47. Suppose -3*x = -2*v + 121 - 84, 116 = -4*x - 14*v. Give s(x).
13
Let t = 7 + -9. Let z be -6 + (-6)/(-3) + t. Let o(k) be the second derivative of -k**3/6 - 5*k**2/2 + 38*k + 1. What is o(z)?
1
Let z(f) = -125*f**3 + 48*f**3 + 45*f**3 + 0*f + 90 + 31*f**3 - 4*f + 21*f**2. Calculate z(21).
6
Let q(m) be the second derivative of -m**5/20 - 2*m**4/3 - 11*m**3/6 - 3*m**2/2 - 1817*m + 1. Determine q(-3).
-15
Let i(q) = -16*q**2 + 16*q + 37. Let n(g) = 3*g**2 - 3*g - 7. Let z(b) = 2*i(b) + 11*n(b). Suppose 9*y - 12 - 15 = 0. Give z(y).
3
Let m(y) be the second derivative of -13*y**6/720 + y**5/20 - 11*y**4/6 + 48*y - 1. Let l(t) be the third derivative of m(t). Determine l(2).
-20
Let j(s) = 7*s + 1. Suppose u + 3*t - 518 = 0, -2520 + 412 = -4*u - 3*t. Let o = 528 - u. Determine j(o).
-13
Suppose 138*n = 20*n + n - 585. Let u(w) = 1 + 3*w**2 + w**2 - 3 - 4*w + w**3. What is u(n)?
-7
Let u(b) = -3*b + 2. Let f = 30 - 26. Let x(r) = -3*r + 2. Let i(a) = f*u(a) - 5*x(a). Determine i(1).
1
Let w be 171/114*14/3. Let r(y) = w*y - 10*y**2 - 87 - 68 + 165 + y**3. Determine r(9).
-8
Let n(b) = b**3 + 7*b**2 + 1. Let s = -97 - -76. Let t be (5 - 4)/(3/s). Give n(t).
1
Let a(y) = 10 + 11*y**2 - 6*y**2 - 3 - y**2 + y**3 - 2*y. Let i(d) = -15*d + 55. Let l be i(4). Determine a(l).
-8
Let h = 12014 + -12017. Let y(g) = -g**3 + g**2 + 16*g + 2. Calculate y(h).
-10
Suppose -v + h - 7 = 0, -4*v = 85*h - 84*h + 18. Let l(j) = -16*j - 81. Calculate l(v).
-1
Let p(q) = -2*q**3 + 38*q**2 - 174*q - 10. Let g be p(8). Let b(x) = -3*x**2 + 8*x + 29. Determine b(g).
-31
Let b(x) = 2*x + 2. Let z be b(-6). Let o(u) be the third derivative of u**4/24 + 10*u**3/3 - 13*u**2 - 477*u. Calculate o(z).
10
Let z be (1/2)/(3/(-36)). Suppose 2*t + 3*l - 10 = 3*t, 3*t = 3*l - 6. Let v(p) = 2 - 8*p**2 - 27*p + 33*p + 9*p**t. What is v(z)?
2
Let d(h) = 2*h**3 - 8*h**2 + h - 2. Let p be d(4). Let m(r) = -2*r**2 - r**2 + 2*r - p*r**3 + 4*r**2 + 3 - 5*r**2. Let i = 6 - 9. Determine m(i).
15
Let f(s) = 3290*s - 6 + 3289*s - 6578*s. Determine f(6).
0
Let y(x) = 16*x - 66. Let i be y(3). Let h(t) = -t**2 - 18*t - 26. Calculate h(i).
-26
Let z(l) = l**3 - 147*l**2 + 275*l + 2132. Let x be z(145). Let o(y) = -y - 43. What is o(x)?
0
Let m(r) = -163*r - 1. Let q(h) = -285*h - 1. Let x(b) = -7*m(b) + 4*q(b). Give x(0).
3
Let o(s) = -s**2 + 17749*s - 17749*s - 1. Let m = -22 + 37. Let y be (-2)/(-4) - m/6. Determine o(y).
-5
Let a(b) be the first derivative of b + 4/3*b**3 - 3*b**2 + 188 + 1/4*b**4. Give a(-5).
6
Let u(a) = 9*a**2 + 6*a**2 - 22*a**2 + 4*a**2 + 2*a**2 + 79 - 6*a. Determine u(7).
-12
Let y(x) = 3*x**2 - 2*x + 3. Suppose 2*k + 559 = w, -5*k - 2*w + 322 = 1733. Let b = -280 - k. What is y(b)?
4
Suppose 338*m - 172*m = 182*m. Let a(n) = -n - 13. What is a(m)?
-13
Let b(t) = 10*t. Suppose 40 = 3*o - 0*z + 2*z, 4*o - 2*z - 30 = 0. Suppose 5*u - o = -0*u. Suppose -3*y - 1 = -u*c - 3, 4*y = 5*c - 2. Calculate b(c).
20
Let p(x) be the first derivative of -1/15*x**5 + 16*x**2 - 1/24*x**4 + 0*x - 39 + 1/3*x**3. Let l(i) be the second derivative of p(i). Give l(-2).
-12
Let n(c) be the second derivative of -1/20*c**5 - 9/2*c**2 + 7/3*c**3 + 32*c + 0 + 11/12*c**4. What is n(12)?
15
Let k(q) = 7*q - 4. Let d(w) = -20*w + 11. Let o(p) = 3*d(p) + 8*k(p). Suppose 0 = -4*z - 22 - 18, 31 = -h - 3*z. Calculate o(h).
5
Let i be (10 - 15) + (-1 - -9) + -2. Let v(h) = 0 + i + 4853*h**2 - 4851*h**2. Calculate v(2).
9
Let c = 10373/4 - 2593. Let i(r) be the first derivative of 3*r + 2*r**2 - c*r**4 - 1/3*r**3 + 18. Give i(-2).
-1
Suppose 882*h = 877*h + 30. Suppose 11 = -4*r + a, -3*r = -2*a + h*a - 6. Let l(q) = -13*q + 1. Give l(r).
27
Let c(t) = -8*t - 8 + 2 + 12 + 7 + 29. Determine c(6).
-6
Let b(z) = 8*z**2 - 4 + z**3 + 1 + 0*z - 9*z. Let t = 61252 + -61261. What is b(t)?
-3
Let r(t) be the second derivative of -t**5/60 + t**4/12 - t**3 - 255*t**2/2 - 2*t - 64. Let w(i) be the first derivative of r(i). Give w(0).
-6
Suppose 3*f + 23*f + 26 = 0. Let b(l) be the third derivative of 3*l**6/40 + l**5/60 + l**4/12 + l**3/6 - 15*l**2. What is b(f)?
-9
Suppose -2*k - 2 = -0, -5*a - 5*k = -10. Suppose 0 = -a*w + 69 - 45. Let c(b) = b**3 - 8*b**2 - 2*b + 11. Give c(w).
-5
Let b be -16 - (6 - -19 - 44). Let d(t) be the third derivative of 0 - 5/24*t**4 - t**b - 31*t**2 + 0*t. Calculate d(-4).
14
Let b(y) = y**2 - 4*y + 8. Let d be b(0). Let s(g) = -5*g + 8*g**2 - 2*g - 16*g**3 + d*g**3 + 7*g**3. Let u be 1/(-2) + (-30)/(-4). What is s(u)?
0
Let n(x) = -x. Let i be (-113)/3 - (-48)/72. Let h = 40 + i. Suppose 5*o - 3*z - 2 = h, 0 = 4*o + 2*z - 26. What is n(o)?
-4
Suppose -5*n + 4*t + 410 = 365, 3*t = -5*n + 45. Let d(b) = 5*b - 9. Let v(f) = f - 2. Let q(u) = 4*d(u) - 18*v(u). Calculate q(n).
18
Let r(z) be the second derivative of z - 1/6*z**3 - z**2 - 42 - 1/12*z**4 - 1/20*z**5. Determine r(-2).
4
Suppose -2*g = -3*j - 6, 3*j + 7 - 1 = 3*g. Suppose -4*r - 2*s - s + 2496 = 0, g = 5*s. Let x(v) = -2 - r*v + 624*v + v**2. Give x(-3).
7
Let p be 6/3*1*-2. Let g(l) be the second derivative of 1/12*l**4 - 2*l + 5/2*l**2 + 21 + 2/3*l**3. What is g(p)?
5
Let h(v) be the third derivative of 13*v**4/12 - 11*v**3/2 - 28*v**2 - v. Give h(3).
45
Let o(t) = -t**3 - 7*t**2 - 5*t + 18. Let s(b) = -9*b**3 + 72*b**2 + 4*b - 40. Let q be s(8). Give o(q).
122
Let u be (-36500)/(-5475)*-9*2/(-10). Let y(x) = 5*x**2 - 58*x - 3. What is y(u)?
21
Let m(p) = -112*p - 106. Let b(a) = -46*a - 53. Let n(j) = -5*b(j) + 2*m(j). Give n(7).
95
Let y(v) be the first derivative of 3*v**2 + 121*v - 7603. Calculate y(-20).
1
Let m(g) = 15*g - 179. Let t be m(12). Let d(v) = -t + 340*v**2 + 6*v - 342*v**2 - 3*v + v**3. Give d(2).
5
Let n(p) = 565 - 565 - p. Let q(i) = -i - 35. Let m(t) = -2*n(t) + q(t). Calculate m(0).
-35
Let s(z) = -70*z + 57 - 6*z**2 - 122 + 83. Give s(-12).
-6
Let s(c) = -158 - 517*c**3 - 32*c**2 - 5*c - 505*c**3 + 1021*c**3. What is s(-32)?
2
Suppose 3*z = 5*t + 57, -60 = 4*t - 48. Let i(o) = -7 + 19*o - 51*o + z*o + 19*o. Determine i(10).
3
Let s be (-57)/(-95)*2/6*5. Let i(v) = 31*v**3 - 1. Determine i(s).
30
Let i(h) = 6*h**3 + 4*h**2 + 1. Let f(n) = -9*n**3 - 5*n + 3*n + 3 + n + 14*n**2 + 28*n**3. Let b(c) = -2*f(c) + 7*i(c). What is b(-1)?
-5
Let m(l) = -l**3 - 3*l**2 + l - 4. Let g be -8 + 2/(-8)*-52. Suppose 3*k + 27 = -5*f, g*f + 19 + 0 = -k. Determine m(f).
-7
Let r(s) = -5*s**2 + 3*s + 5. Let u(b) = 2*b**2 - 2*b - 2. Let f(h) = 3*r(h) + 5*u(h). Give f(4).
-79
Let s(r) be the third derivative of r**6/120 + r**5/60 + r**4/24 - 5*r**3/3 - 866*r**2. Let b = -8 + 8. What is s(b)?
-10
Suppose -b + k + 15 = 0, 4*b - 5*k - 1947 = -1886. Let a(p) = -p**3 + 13*p**2 + 8*p - 17. Give a(b).
-101
Let z(m) = m**2 - 6*m - 11. Suppose 8*k - 33 = -5*q + 9*k, -4*q + 5*k = -39. What is z(q)?
-11
Let g(p) = 2 + 6 + 0*p - p. Suppose -116 + 117 = -d. Let a(y) = -y + 1. Let v(k) = d*g(k) + 3*a(k). Calculate v(-6).
7
Let y(u) = u + 5. Let w(j) = 8*j + 45. Let m(c) = -4*w(c) + 36*y(c). Let r(i) = -i**2 + 7*i - 2. Let s(l) = -m(l) + r(l). What is s(3)?
-2
Let l(k) = -k + 2. Let u be l(8). Let x(v) be the second derivative of 2 - 1/2*v**3 + 5*v + 1/2*v**2. Give x(u).
19
Let w(g) = -11*g + 6*g**2 - 4*g**2 - 5 - 2. Let r = -543686 - -543693. What is w(r)?
14
Suppose -3*i = 4*x + 19, 41*x = -5*i